second derivative of -x**5/20 + x**4/3 + x**3/2 + 7*x**2/2 - 2*x. Determine r(5).
-3
Let l(i) be the first derivative of 2 + 1/3*i**3 + 2*i**2 + 2*i. Give l(-5).
7
Let u be 2/(-8) + 10/40. Let k(s) = s**3 - s**2 - s + 6. Determine k(u).
6
Let s(i) = 3*i - 1. Suppose 2*x = -4*k + 20, -5*k + 27 = -2*x + 5*x. Give s(x).
11
Suppose c = -c + 24. Suppose 0 = 3*z - 6*z + c. Let r(n) be the first derivative of n**3/3 - 3*n**2 + 6*n + 1. What is r(z)?
-2
Let w(b) be the first derivative of b**5/20 - b**4/4 - b**3/3 - b**2 - 4*b + 2. Let h(i) be the first derivative of w(i). Give h(3).
-8
Let z = 14 + -8. Suppose -c + z = -3*c. Let s(l) = -l + 1. Give s(c).
4
Let g(m) = m - 14*m**2 + 25*m**2 + 3 - 18*m**2 + m**3. Give g(7).
10
Let c(f) = -14 - 14 + 27 + 4*f - f**2 + 0*f**2. Calculate c(3).
2
Let z(y) = y + 1. Let u = -3 - -3. Suppose -3*i + u = -6. Let f = i + -2. Calculate z(f).
1
Suppose 5*x - g = 6, 0 = 2*x - 4*g + 3*g. Suppose -x*r + 6 = -0*r. Let b(t) = t + 4. What is b(r)?
7
Let l(d) = 3*d**2 + 0 + 3 - 10*d + 16*d - d**3 - 6. What is l(4)?
5
Let p(d) = d**3 - 4*d**2 + d + 4. Let y be p(4). Let g(w) = -w + 12. Let t be g(y). Let x(h) = -h + 9. Give x(t).
5
Let k(s) = s**3 - 7*s**2 + 9*s - 9. Suppose 7 = 3*h - 11. What is k(h)?
9
Suppose 0 = 3*w + 2*w + 30. Let y(o) = -o + 6. Let x(q) = -2*q + 6. Let n(b) = w*y(b) + 5*x(b). Give n(-4).
10
Let g(o) be the first derivative of 2*o**3/3 - o**2 - 4*o + 15. What is g(3)?
8
Suppose 1 + 4 = 5*o. Suppose 5*d = -4 - o. Let l be (-8)/((-6)/(d - -4)). Let x(z) = -2*z**2 + 6*z. Determine x(l).
-8
Let n(q) = -q**2 + q. Let s(v) = 6*v**2 - 4*v + 3. Let b(u) = -5*n(u) - s(u). Let h be 6/27 - 11/9. Let m be (0/h)/(1 - 3). Determine b(m).
-3
Let y(w) = w**3 - 3*w**2 + w - 5. Let n(x) = 2*x - 42. Let p be n(23). What is y(p)?
15
Let b(m) = -m - 2. Suppose 2*r - 2*l + 10 = -0*l, 0 = r - 4*l + 20. Give b(r).
-2
Suppose -17*v + 20*v + 9 = 0. Let q(d) = -1 - 3*d**2 - 2 - d - 3*d - d**3. Give q(v).
9
Let p(m) = -7*m**3 - 3*m - m**3 - 5*m - 2*m**2 + 7*m. Let z be ((-12)/5)/(4/20). Let k be (-8)/z*3/(-2). Calculate p(k).
7
Let s = 7 - 7. Let t(n) = -n**2 + n + 2. Let g be t(s). Let c(r) = 2*r**g - 7 + 4*r**3 - 3*r**3 - r + 2*r**2 - 6*r. Give c(-5).
3
Let l(u) be the second derivative of -u**5/20 + u**4/3 + u**3/2 - 3*u**2/2 + 2*u. Let d = -31 + 33. Give l(d).
11
Let f(k) be the second derivative of k**5/20 - k**4/12 - k**3/6 - 6*k. Determine f(2).
2
Let h(x) = 4*x. Suppose -4*f + 7 = a, -40 = -5*f - 0*f + 5*a. Suppose f*b - 65 = 7. Suppose -5 = -4*s + 3*j - b, 3*s + 8 = j. Determine h(s).
-4
Let w = -9 + 5. Let h be (2/3)/(w/12). Let f(n) be the second derivative of -n**5/10 - n**4/4 - n**3/3 - 3*n**2/2 - n. Give f(h).
5
Suppose -4 = -3*p + d, -d = -4*d + 6. Let r(k) = 2*k + 3 + 6*k - p. What is r(1)?
9
Let q be 1/(0 + 0 + 1). Let t be -5 - (3/q - 2). Let u(g) = g - 2. Give u(t).
-8
Let l = 2 + 0. Suppose 0 = -0*a - l*a + 4. Let v(d) = -14*d**2 + 11*d + 14. Let z(g) = 5*g**2 - 4*g - 5. Let r(u) = -6*v(u) - 17*z(u). Give r(a).
1
Let j(f) be the third derivative of f**4/24 - f**3/6 - 10*f**2. Let z(w) = -w**3 + 6*w**2 - w. Let y be z(6). What is j(y)?
-7
Let o(a) = -10 - a + 4*a + a - 5*a. What is o(0)?
-10
Let y(s) be the second derivative of -s**4/12 + 2*s**3/3 + s**2/2 + s. Let a = -3 + 12. Suppose b + a = 5*f, -3 = -f - 0*b - b. Determine y(f).
5
Let g(d) be the second derivative of -9*d**5/20 + d**4/12 - d**3/6 + d**2/2 - 5*d. Calculate g(1).
-8
Let b(z) = 7*z - 2. Let v(h) = 22*h - 7. Let m(a) = 7*b(a) - 2*v(a). Determine m(-1).
-5
Let j(f) = -4*f**2 - 3*f - f**3 - f + 0*f**3. Suppose 5*g - 25 = -5*r, -4*r + 13 = -2*g - g. Suppose r*o + 0*x = -3*x - 27, 0 = -3*o + 4*x + 11. Give j(o).
3
Let g = 111 + -114. Let r(t) = t**2 + 3*t - 2. Determine r(g).
-2
Let r be 2/(-4) - (-6)/4. Let d(b) = 200*b - 11*b**2 - 200*b + 3*b**2. Give d(r).
-8
Let v(l) = -l - 1. Let p be v(-3). Let g(c) = -4*c - 2 + p*c + c. Determine g(-5).
3
Let y = -31 - -32. Let f(j) = -5*j**2. Calculate f(y).
-5
Let j(s) be the second derivative of -4*s**2 + 1/6*s**3 + 0 + s. Let v be j(7). Let k(p) = -p**2 + 2*p + 1. Give k(v).
-2
Let y = 128 - 63. Let t be (-91)/y - (-3)/(-5). Let h(w) = -w**2 - 3*w - 3. Give h(t).
-1
Let p(z) be the third derivative of -z**5/60 - 7*z**4/24 + z**3 + z**2. What is p(-7)?
6
Let r(f) = -2*f**2 + 5*f + 4. Let y be 1 - (5 + (-2 - -1)). Let g be 9/6*(-8)/y. What is r(g)?
-8
Let j(v) = -3*v + 6 + 2*v + 0*v - v**2. What is j(0)?
6
Let b(o) = o**3 - 9*o**2 + o - 13. Suppose -3*y + 3*j - 3 = -4*y, -y + 3*j + 15 = 0. Determine b(y).
-4
Suppose o = -4, 8*y - 8 = 6*y + 3*o. Let j(s) = -4*s**2 + s - 2. Give j(y).
-20
Let j(n) = -2*n**2 + 2*n + 3. Let b(c) = c. Let w(y) = 4*b(y) + j(y). Calculate w(5).
-17
Let z be 5 + -4 + 2 + 1. Let l(m) = m**3 - m**2 + m. Let b(n) = -5*n**3 + 8*n**2 - 6*n - 1. Let o(p) = z*l(p) + b(p). Let g be 24/10 + (-3)/(-5). What is o(g)?
2
Suppose -4*t + 5 = -3. Suppose t*u = -n - 10, 3*u - n + 14 = -u. Let j(b) = -b - 2. What is j(u)?
2
Let z(o) = -7*o. Let y(d) = -9*d + 1. Let v(a) = -3*y(a) + 4*z(a). What is v(-3)?
0
Let b(k) be the second derivative of k**4/12 + 7*k**3/6 + 5*k**2/2 - 3*k. Calculate b(-6).
-1
Let v(i) = -i**3 - 12*i**2 - 19*i + 14. Let r be v(-10). Let w(p) = p**2 - p - 2. Determine w(r).
10
Let m(j) = 2*j + 7. Let p(s) = 3*s + 13. Let g(k) = 7*m(k) - 4*p(k). What is g(-5)?
-13
Let u be (-2)/6 - 14/3. Let q(b) be the first derivative of b**2 + 7*b - 12. Give q(u).
-3
Suppose m = -3 + 7. Let b(i) = 6*i**2 + 3 + 0*i - 1 + i**3 + m*i. Suppose 4*u = 8, 0 = 3*h - 2*u + 3*u + 13. Calculate b(h).
7
Let n(h) be the first derivative of 8*h**3/3 - h**2/2 - h - 6. What is n(-1)?
8
Suppose 3 = 2*x - 3. Let w = x + -2. Let d(c) = -c**2 + 5*c**3 - 2 + 2*c**2 + w. Determine d(1).
5
Let g = -1 - 2. Let q(s) = -4*s + 2*s + 3 - 4*s**2 + 3*s**2. Give q(g).
0
Suppose 2*o = -4*j - 1 - 1, o = j - 4. Let k be (0/j)/(-2) - -2. Let i(h) = h**2 - h - k + h + h**3 - h. Give i(2).
8
Let p be 0 - -4 - (-2)/(-1). Let u(o) = 3 - o**p - 3 + 2*o. Calculate u(2).
0
Let j(y) = -y**2 + 10*y + 13. Let w(m) = 3*m**2 - 29*m - 38. Let d(f) = -17*j(f) - 6*w(f). Give d(5).
2
Let t(j) = -j**2 + 6*j - 5. Let p = 0 - -2. Suppose -5*h - x = -21, -3*x - p = h + h. What is t(h)?
0
Let t(f) = -3*f**2 + 2*f. Suppose 2*v = 2*u - 3*v - 19, -5*v - 23 = -4*u. Give t(u).
-8
Let p = 17 - 2. Let i(r) = -r**2 + 14*r + 14. Let x be i(p). Let b(u) = 4*u**3. What is b(x)?
-4
Let p(l) be the third derivative of -l**4/4 - l**3/6 + 66*l**2. What is p(-1)?
5
Let m(s) = s + 4. Let d be m(-2). Suppose u + t - 3 = 2*t, 3*t + 7 = d*u. Suppose -2*w + u = 8. Let q(h) = h**2 - h - 4. Determine q(w).
8
Let n(d) = 3*d**3 - 18*d**2 - 7*d - 7. Let g(i) = -5*i**3 + 27*i**2 + 11*i + 10. Let t(x) = 5*g(x) + 8*n(x). Give t(-9).
3
Suppose 2*f - 28 = 5*v, -4*f = -f - v - 16. Let z(j) = -j - 1. What is z(f)?
-5
Let h(b) be the first derivative of -2*b**3/3 + b**2 - b - 4. Give h(1).
-1
Let c(t) = t - 5. Let j be 6/(-21) + (-33)/7. Determine c(j).
-10
Let d(c) be the third derivative of 0 + 0*c + 1/60*c**5 - 3*c**2 - 1/30*c**6 + 1/6*c**3 + 1/12*c**4. Give d(-1).
4
Let c(b) be the first derivative of -b**3/3 + 3*b**2/2 + 3*b + 7. Determine c(5).
-7
Let r(x) = -4*x**3 + 0*x**3 + 3*x**3 - x**2 + 7 - x + 2*x**2. Determine r(0).
7
Let p(l) = 3*l**2 + 36*l + 3. Let v be p(-12). Let w(z) = 3*z**2 - 2*z - 3. What is w(v)?
18
Let c(s) = 1 + 1 - s + 2 - s**2. Determine c(-3).
-2
Suppose -47*a = -42*a + 25. Let j(t) = -t**2 - 7*t - 7. What is j(a)?
3
Let d(n) be the second derivative of -5*n**4/12 - n**3/3 - n**2 + 2*n. Determine d(-2).
-18
Let i(r) = 1. Let u(p) = -p - 3. Let x(m) = 7*i(m) + 2*u(m). What is x(2)?
-3
Let o(t) be the first derivative of -t**2/2 - t + 13. Determine o(-5).
4
Let d(n) = 3*n + n + n + 1. Let h(z) = -z**3 - 9*z**2 - 12*z - 33. Let a be h(-8). Calculate d(a).
-4
Let i be (-3)/9 + 4/12. Suppose -3*p - y - 5 = i, 0 = -4*p - 0*p + y - 16. Let a(n) = -n + 1. Calculate a(p).
4
Let p = 67 + -64. Let d(m) be the first derivative of -3*m - m**2 + 1/3*m**3 + 2. What is d(p)?
0
Let j(g) = -g**3 - 7*g**2 - 6*g + 6. Suppose -61 = 14*n + 9. Give j(n).
-14
Suppose 3*w + 2 = -5*c, -5*w + 0 = 5*c + 10. Let u(z) = z**2 + 2*z**2 - 6*z + 0 - 4*z**2 - 4. Determine u(w).
4
L